ainder when x is divided by 11?
9
Suppose -350 = -39*v + 4*v. Suppose 0 = -n - 59 + 172. Suppose -4*u + n = -u - l, 5*u = 5*l + 195. Calculate the remainder when u is divided by v.
7
Suppose -3*l = -60 - 129. Let x = 128 - l. Let u = 3 - -14. What is the remainder when x is divided by u?
14
Suppose -177 = -5*z + 3*c - 4, 2*z = -4*c + 64. Calculate the remainder when 167 is divided by z.
31
Let v(r) = 2*r**2 + 3*r - 2. Let u be v(1). Suppose 0 = 2*w - 2*g + 51 - 139, 5*g + 126 = u*w. Let d = w + -35. Calculate the remainder when d is divided by 7.
5
Suppose -72*h + 3975 = -57*h. Calculate the remainder when h is divided by 38.
37
Let z(y) = -y**2 - 26*y - 142. Calculate the remainder when z(-18) is divided by 1.
0
Suppose -188*f = -184*f - 60. Calculate the remainder when 71 is divided by f.
11
Let c = 375 + -266. Suppose -150 = -0*w - 2*w. Suppose 9 = 3*l - w. What is the remainder when c is divided by l?
25
Let m be (8*1)/(7 + -5). Suppose -x + 4 = 4*b + x, -m*x = -3*b + 25. Suppose -3*h = -15 + b. What is the remainder when h is divided by 2?
0
Let g = -22 + 18. Let i = 0 - g. Suppose 4*c + i*b - 152 = 0, -5*b - 12 + 136 = 3*c. Calculate the remainder when c is divided by 9.
6
Let j(q) = q**3 + 3*q**2 - 17*q + 2. Calculate the remainder when 885 is divided by j(-5).
34
Calculate the remainder when (-7524)/(-57) + -1 + 6 is divided by 30.
17
Suppose -46*z + 3578 = -378. Calculate the remainder when 771 is divided by z.
83
Suppose -2*k = -0*k - 24. Let t be 78*-1*2/3 + 2. Let b = 97 + t. What is the remainder when b is divided by k?
11
Let w(z) = -z**2 - 6*z + 634. Calculate the remainder when 535 is divided by w(22).
13
Let x(j) = 2*j + 36. Let a be x(-16). Suppose -a*d = 2*r - 76, -3*r + d + d + 106 = 0. What is the remainder when r is divided by 19?
17
What is the remainder when 95 is divided by ((-11)/7 - -1) + 2067/273?
4
Let c be (-130)/39 - 2/(-6). Let r(i) = i**3 - 3*i**2 + i - 2. Let l be r(3). What is the remainder when 15 is divided by -2 - (-3 + c)*l?
3
Suppose 4*r + 12*s = 17*s + 3798, -945 = -r - s. What is the remainder when r is divided by 17?
12
Let j = -73 - -78. Calculate the remainder when j/(-1)*-8 + -1 + 0 is divided by 12.
3
Let z = -20 - -8. Let u = -10 - z. Suppose -105 = u*n - 9*n. Calculate the remainder when 72 is divided by n.
12
Let v(u) = 4*u**2 + 3*u - 77. Calculate the remainder when v(5) is divided by 23.
15
Suppose -g - 46 = 5*n, -4*g = -5*n + 11 - 52. Let s(j) = -j + 6. What is the remainder when 28 is divided by s(n)?
13
Suppose -10*r + 29*r = 969. Calculate the remainder when 144 is divided by r.
42
Let q = -19 + 25. Suppose -32 = -10*u + q*u. Calculate the remainder when 29 is divided by u.
5
Let p(t) = 4*t**2 + 28*t - 9. What is the remainder when 227 is divided by p(-8)?
20
Suppose -5*w - 1 = -71. Calculate the remainder when 53 is divided by (-2 - 12/(-4))*w.
11
What is the remainder when (3 - 7)/((-6)/57) is divided by 9?
2
Suppose i + 260 = 5*m, 21*i = -m + 26*i + 52. Calculate the remainder when 97 is divided by m.
45
Suppose 5*r + 4*m - 755 = -0*r, 0 = -3*r + 5*m + 490. What is the remainder when r is divided by 6?
5
Suppose -21 = -4*q + 39. Let c be (-30)/q*(-3)/2. Suppose 49 = c*n - 26. Calculate the remainder when 97 is divided by n.
22
Suppose 308 = -61*t + 72*t. Calculate the remainder when 154 is divided by t.
14
Let p = 72 - 68. Let t(j) = 14*j - 16. Calculate the remainder when t(p) is divided by 22.
18
Let u = 104 + 35. Calculate the remainder when u is divided by 28.
27
Let w be (-2)/((-44)/10 - -4). Suppose -j - 3*g - w = 0, -4*j + 28 = -2*g - 2*g. Calculate the remainder when 4 is divided by j.
0
Suppose 20 = -4*p, 293 - 13 = -3*b - 5*p. Let w = 123 + b. Suppose 25 = -c - 4*c, -5*r + 4*c + 85 = 0. Calculate the remainder when w is divided by r.
12
Let l be 8/(-6)*(-18)/12. Suppose -2*r - p + 160 = 2*r, 4*r + l*p - 160 = 0. Suppose 6*k - r = k. Calculate the remainder when 39 is divided by k.
7
Let r(o) = -28*o - 5. Suppose 2*b - 2 + 4 = 0. Calculate the remainder when 80 is divided by r(b).
11
Suppose 5 = -m, 45 = 3*s + 2*m + 151. Let f = s + 50. Suppose -4*o + 19 = 3*g, 2*o + 10*g - 5*g = -1. Calculate the remainder when f is divided by o.
4
Suppose 0 = -3*m + 4*o + 190, -2*m - 3*o + 107 + 31 = 0. Suppose 0 = -3*r - m - 87. What is the remainder when (-1)/(3 + 156/r) is divided by 6?
5
Let j(h) = h**3 - 14*h**2 + 12*h + 47. What is the remainder when j(13) is divided by 8?
2
Let b = -29 - -45. Let u = -7 + b. What is the remainder when 15 is divided by u?
6
Suppose 4*p + 208 = 900. Suppose -p - 79 = -9*g. What is the remainder when 40 is divided by g?
12
Let v(k) = -k**2 - 4*k + 1. Let p be v(-2). Suppose 5*i - p*q - 40 = 0, -4*q + 16 = -3*i + 38. Calculate the remainder when i is divided by 3.
1
Let x(c) = -c**2 + 10 - 21 + 0*c**2 - 18*c + 36. What is the remainder when x(-15) is divided by 37?
33
Let v be -1 + (-1 - (-2 + 0)). Let q(x) = -x**2 - 6*x + 15. What is the remainder when (v + (-14)/3)*-3 is divided by q(-7)?
6
Calculate the remainder when 2652/(-170)*(1 - 26) is divided by 137.
116
Suppose -10 = -4*l - 50. Let r be ((-12)/l)/((-3)/(-20)). Suppose 4*o = -r, 0*q - o = 2*q - 50. What is the remainder when 101 is divided by q?
23
Let r = 81 + -57. Let t(g) = -g - 3. Calculate the remainder when r is divided by t(-16).
11
Suppose 29 - 218 = -3*k. Calculate the remainder when k is divided by 11.
8
Let l(c) = c**2 - 6*c - 7. Let q be l(7). Let u(z) = 8 - z + 4*z**2 + 11 - 3*z**2 + 0*z**2. What is the remainder when 55 is divided by u(q)?
17
Suppose 0 = 7*c - 3*c - 16, 2*c - 48 = 5*g. Let t(x) = -5*x - 7. What is the remainder when t(g) is divided by 7?
5
Let r = -1250 - -1279. Calculate the remainder when 63 is divided by r.
5
What is the remainder when 52 + (2 - ((-12)/3 - -4)) is divided by 11?
10
Let w(r) = -3*r**3 - 5*r**2 - 8*r - 13. Calculate the remainder when w(-4) is divided by 46.
39
Calculate the remainder when 44 is divided by (16/(-5))/(7/(105/(-6))).
4
Let c = -758 + 776. What is the remainder when 66/2 - (6 + -4) is divided by c?
13
Suppose 8*r = 2*r + 1212. Let y = 189 - 148. Calculate the remainder when r is divided by y.
38
Let y = -34 + 37. Let u(x) = x**2 + 4*x - 8. Calculate the remainder when (-42)/4*(-14)/3 is divided by u(y).
10
Let s be 2/(-9) - (-56)/9. Suppose 7*g - s*g = 4. Suppose -g*u + 112 = -2*u. What is the remainder when u is divided by 29?
27
Let a = -21 + 27. Suppose 0*h + 114 = a*h. What is the remainder when 54 is divided by h?
16
Let a = 19 + 140. Let w be (-4)/14 + a/(-7). Let g = w + 37. Calculate the remainder when 41 is divided by g.
13
Let l(u) = -u**2 + 12*u + 6. Let d(f) = -f + 29. Let y be d(18). What is the remainder when 83 is divided by l(y)?
15
Let o = 117 + -112. Suppose -l + 2*z - 2 = 0, 0 = 4*z - 5*z + o. Calculate the remainder when 10 is divided by l.
2
Let s be (-2)/(-5*(-5)/800). Let x(v) = 4*v**2 - 3*v + 6. Let t be x(5). Let r = s + t. Calculate the remainder when 105 is divided by r.
24
Let b(z) = -4*z**2 - 6 + 4 - 4*z**2. Let n be b(-2). What is the remainder when -5*-2*n/(-10) is divided by 9?
7
Let t(g) = g**2 + 7*g + 3. Let b be t(-7). Suppose -2*z = -4, 0*m + 8 = m - b*z. What is the remainder when m is divided by (6 - 23/4)/((-1)/(-16))?
2
Let q(n) be the first derivative of 7*n**2 + 8*n + 12. What is the remainder when 68 is divided by q(2)?
32
Suppose -3 = 2*m - 1, 2*m + 66 = 2*l. Calculate the remainder when 44 is divided by l.
12
What is the remainder when 38 is divided by 21/((-42)/(-6)) + 6?
2
Calculate the remainder when 61 is divided by 12/(-2) + -42*(-3)/6.
1
Let t = 42 - 29. Let g(h) = h**3 - 3*h**2 + 2*h + 2. Let s be g(3). Suppose 0 = -2*f + 38 + s. Calculate the remainder when f is divided by t.
10
Let o(w) = -w**2 - 11*w - 8. Let q = -41 + 44. Calculate the remainder when o(-9) is divided by q.
1
Suppose 742 = -0*c + 14*c. What is the remainder when 98 is divided by c?
45
Suppose 0*g - 12 = -4*g. Suppose g*r - 73 = -3*u - 19, -5*u + 3*r = -90. Calculate the remainder when 88 is divided by u.
16
Let p be 176/14 + 153/357. Suppose 16 = l + 5*r, -r + 28 = -4*l - 13. Let g = l + p. Calculate the remainder when 5 is divided by g.
1
Let b = -1291 + 1310. What is the remainder when 162 is divided by b?